e ten thousands digit of 44125020?
2
What is the billions digit of 3050095405?
3
What is the ten thousands digit of 400265439?
6
What is the hundreds digit of 888188680?
6
What is the millions digit of 47226740?
7
What is the millions digit of 2942647823?
2
What is the hundreds digit of 60628550?
5
What is the millions digit of 483762245?
3
What is the hundred thousands digit of 1962573081?
5
What is the billions digit of 1110347929?
1
What is the billions digit of 1286246817?
1
What is the hundred millions digit of 349984650?
3
What is the hundred thousands digit of 33866097?
8
What is the hundred millions digit of 7847894546?
8
What is the thousands digit of 988246218?
6
What is the hundreds digit of 74937418?
4
What is the thousands digit of 177222151?
2
What is the units digit of 165342931?
1
What is the tens digit of 35385453?
5
What is the millions digit of 556212723?
6
What is the millions digit of 5653777766?
3
What is the hundreds digit of 29092721?
7
What is the ten millions digit of 55517027?
5
What is the hundred thousands digit of 481934690?
9
What is the units digit of 23310120?
0
What is the tens digit of 1255698?
9
What is the hundred thousands digit of 766659134?
6
What is the hundred millions digit of 854398463?
8
What is the ten thousands digit of 6081962334?
6
What is the hundreds digit of 37080939?
9
What is the ten thousands digit of 797773822?
7
What is the ten millions digit of 270120176?
7
What is the billions digit of 1217116702?
1
What is the millions digit of 2449596663?
9
What is the thousands digit of 5178267?
8
What is the ten millions digit of 933440601?
3
What is the hundred millions digit of 277978037?
2
What is the hundred millions digit of 8527575936?
5
What is the thousands digit of 5402615?
2
What is the hundred millions digit of 202044749?
2
What is the billions digit of 4365590900?
4
What is the millions digit of 75481443?
5
What is the millions digit of 7828457258?
8
What is the thousands digit of 37657122?
7
What is the hundred thousands digit of 8565403?
5
What is the hundred thousands digit of 1027870286?
8
What is the ten thousands digit of 24512317?
1
What is the ten millions digit of 1400855460?
0
What is the tens digit of 254045819?
1
What is the millions digit of 2442224652?
2
What is the thousands digit of 6579016197?
6
What is the thousands digit of 612371089?
1
What is the hundreds digit of 29102819?
8
What is the millions digit of 163620653?
3
What is the millions digit of 1518422223?
8
What is the billions digit of 2140227547?
2
What is the hundred thousands digit of 22586384?
5
What is the thousands digit of 6235133?
5
What is the hundred millions digit of 6937034575?
9
What is the thousands digit of 858628541?
8
What is the millions digit of 134972888?
4
What is the thousands digit of 46065264?
5
What is the hundreds digit of 50725235?
2
What is the hundred thousands digit of 14534363?
5
What is the ten thousands digit of 504658541?
5
What is the hundred thousands digit of 5390838975?
8
What is the ten millions digit of 1821285590?
2
What is the tens digit of 30574728?
2
What is the tens digit of 188154000?
0
What is the units digit of 1960521433?
3
What is the hundreds digit of 1264388687?
6
What is the units digit of 694631639?
9
What is the millions digit of 44908159?
4
What is the hundred thousands digit of 56043053?
0
What is the ten thousands digit of 4893513318?
1
What is the tens digit of 213833830?
3
What is the millions digit of 122117433?
2
What is the tens digit of 1436733745?
4
What is the billions digit of 5030962076?
5
What is the tens digit of 11708198?
9
What is the thousands digit of 12580101?
0
What is the tens digit of 251234109?
0
What is the billions digit of 3556109585?
3
What is the units digit of 205636019?
9
What is the hundred millions digit of 3291763807?
2
What is the units digit of 2973875322?
2
What is the units digit of 64500453?
3
What is the hundred millions digit of 538496853?
5
What is the millions digit of 66209425?
6
What is the units digit of 111986134?
4
What is the ten thousands digit of 20860173?
6
What is the millions digit of 773416481?
3
What is the hundred thousands digit of 12722745?
7
What is the ten thousands digit of 264778605?
7
What is the millions digit of 426094742?
6
What is the units digit of 54898996?
6
What is the tens digit of 11404969?
6
What is the ten thousands digit of 2537948111?
4
What is the ten millions digit of 28469372?
2
What is the units digit of 14914771?
1
What is the billions digit of 3346238009?
3
What is the hundred millions digit of 684711421?
6
What is the hundred millions digit of 142215069?
1
What is the billions digit of 2325210598?
2
What is the hundred millions digit of 815471651?
8
What is the thousands digit of 13267221?
7
What is the hundreds digit of 159978430?
4
What is the units digit of 331201447?
7
What is the units digit of 18258435?
5
What is the ten millions digit of 822961523?
2
What is the units digit of 1127343837?
7
What is the hundreds digit of 10041783?
7
What is the tens digit of 24064806?
0
What is the tens digit of 4770071766?
6
What is the ten millions digit of 74214414?
7
What is the hundred millions digit of 755825380?
7
What is the millions digit of 608808397?
8
What is the units digit of 21043769?
9
What is the tens digit of 96395926?
2
What is the hundreds digit of 1308381144?
1
What is the ten thousands digit of 170419935?
1
What is the thousands digit of 59610735?
0
What is the thousands digit of 178643611?
3
What is the hundred millions digit of 7337164741?
3
What is the ten millions digit of 455004081?
5
What is the millions digit of 124363308?
4
What is the millions digit of 834399894?
4
What is the thousands digit of 38783735?
3
What is the tens digit of 204916906?
0
What is the thousands digit of 4856615889?
5
What is the hundred thousands digit of 95986797?
9
What is the millions digit of 118090688?
8
What is the hundred thousands digit of 49271150?
2
What is the hundred millions digit of 4378146615?
3
What is the units digit of 5432697405?
5
What is the ten millions digit of 16179972?
1
What is the thousands digit of 3056434799?
4
What is the hundred millions digit of 2205637349?
2
What is the ten thousands digit of 75950760?
5
What is the units digit of 1686146238?
8
What is the hundred millions digit of 123163810?
1
What is the thousands digit of 42472736?
2
What is the hundred millions digit of 305858138?
3
What is the units digit of 661776786?
6
What is the tens digit of 59168910?
1
What is the tens digit of 21659435?
3
What is the millions digit of 210586594?
0
What is the ten millions digit of 13222560?
1
What is the millions digit of 6508681932?
8
What is the millions digit of 3429131029?
9
What is the units digit of 1816364492?
2
What is the ten millions digit of 662744939?
6
What is the ten thousands digit of 2665812710?
1
What is the ten millions digit of 20048539?
2
What is the hundred millions digit of 926541477?
9
What is the hundred thousands digit of 977837588?
8
What is the hundred millions digit of 3231403476?
2
What is the hundred thousands digit of 1042026156?
0
What is the hundreds digit of 20821972?
9
What is the thousands digit of 585400277?
0
What is the ten millions digit of 27716964?
2
What is the ten millions digit of 7961145898?
6
What is the ten millions digit of 143037576?
4
What is the ten thousands digit of 25881475?
8
What is the thousands digit of 109499673?
9
What is the tens digit of 322628569?
6
What is the millions digit of 3333445?
3
What is the ten thousands digit of 532795654?
9
What is the tens digit of 190048124?
2
What is the millions digit of 2337354611?
7
What is the hundred thousands digit of 7718494?
7
What is the ten millions digit of 39935700?
3
What is the hundred thousands digit of 32813233?
8
What is the millions digit of 2340221643?
0
What is the units digit of 1728385902?
2
What is the thousands digit of 2360766991?
6
What is the ten millions digit of 1223950939?
2
What is the hundreds digit of 208157167?
1
What is the tens digit of 1131471243?
4
What is the millions digit of 8232219?
8
What is the ten millions digit of 219311613?
1
What is the hundred millions digit of 667417922?
6
What is the units digit of 18085